-7*w - 145 + q = 0. What is the tens digit of w?
8
Let t = 25 - 28. Let z(c) = -c**2 - 5*c - 3. Let q be z(t). What is the tens digit of -3*(q + (-388)/12)?
8
Let d(i) be the second derivative of -4/3*i**3 - 11/2*i**2 + 0 + 5/6*i**4 - 1/20*i**5 + 11*i. What is the units digit of d(8)?
3
Let y(l) = -11*l**2 + l - 1. Let h be y(3). What is the units digit of (-1)/(1 - h/(-96))?
6
Let q(o) = -2*o + 20 - 8 - o**3 - 10 + 3*o. Let w be q(-1). Suppose -5*h + n = -1012 + 73, w*h - 3*n = 373. What is the hundreds digit of h?
1
Let j(z) = -z**2 - 10*z - 15. Let c be j(-7). Suppose c*l + 6463 = 29*l. What is the units digit of l?
1
Let w = -54 - -122. Let a = w + 193. What is the tens digit of a?
6
Let b be 221/26*(-3)/(3/(-136)). Let w = b - 704. What is the hundreds digit of w?
4
Let s = 21615 + -21765. Suppose v + 565 = -4*v. Let p = v - s. What is the tens digit of p?
3
Let o = -2157 + 312. Let v = o + 2940. What is the units digit of v?
5
Let r = -459 + 464. Suppose 0 = 5*g + 3*c - 1443, 5*g - 1441 = 4*c - r*c. What is the tens digit of g?
8
Let g(l) = 55*l + 47. Let d(a) = 27*a + 23. Let s(r) = -13*d(r) + 6*g(r). What is the units digit of s(-8)?
1
Suppose 15*d + 58547 - 121180 = 207067. What is the units digit of d?
0
Let r be (-101)/(-2)*(-29 + -4 + -3). Let g = 2714 + r. What is the tens digit of g?
9
Suppose -19*t = -12*t + 91. Let q(j) = j**2 - 20*j - 17. What is the units digit of q(t)?
2
What is the hundreds digit of 6400 - (24 - 10) - 11?
3
Let r(m) = -18*m - 42. Let l(n) = -16*n - 45. Let s(q) = -7*l(q) + 6*r(q). What is the units digit of s(-9)?
7
Suppose 190105 = 62*d - 57*d + 5*g, -3*g = -3*d + 114099. What is the ten thousands digit of d?
3
What is the hundreds digit of 13/((-910)/(-535003)) - (-3)/30?
6
Let m = -1745 - -6281. What is the thousands digit of 2*(-10)/((-80)/m)?
1
What is the thousands digit of 2024001/72 + (-9)/(-432)*-6?
8
Suppose -2*x - 6 = -14. Suppose 1683 = 4*f + 5*y, -x*f - y + 3*y = -1690. What is the tens digit of f?
2
Suppose -2*c - 2*h = -6*c - 840, 3*c + 628 = h. Let u be (2 - 9) + (1 - (-7 - -3)). What is the units digit of c/u*(-4)/(-8)?
2
Let y(q) = -q**3 - 21*q**2 - 21*q - 16. Let d be y(-20). Suppose d*v + 91 = -125. Let o = v - -89. What is the units digit of o?
5
Suppose -5*c = -3*p + 164849, 3*c + 164847 = 63*p - 60*p. What is the thousands digit of p?
4
Let a = 513 + -1413. Suppose 2*t = -4 - 2. What is the units digit of (t/5)/(4/a)?
5
Suppose -3*f - 2*o + 33 = o, f - 2*o = -4. Suppose -f*v = -1246 - 494. What is the tens digit of v?
9
Let h(w) = 15*w + 85. Let m be h(-7). Let o be -2*(36/8 - 1). What is the units digit of m/(-70) + (-432)/o?
2
Let f(j) = -2*j**3 - 81*j**2 + 37*j - 10. Let t be f(-41). Suppose 0 = -12*y + 3346 - t. What is the hundreds digit of y?
2
Suppose -3*x + 5*w = -2 - 35, 0 = -3*x - 5*w - 13. Suppose -v + 121 = i, 0 = x*i - 4*v - 632 + 188. Suppose 4*u + i = 5*u. What is the hundreds digit of u?
1
Let g(t) = -264*t**3 + 8*t**2 + 25*t + 29. Let j(w) = -66*w**3 + 2*w**2 + 6*w + 7. Let u(s) = -2*g(s) + 9*j(s). What is the hundreds digit of u(-2)?
5
Let t(a) = 4*a**3 - 5*a**2 + 7*a. Let p(k) = 9*k**3 - 10*k**2 + 14*k. Let q(y) = 3*p(y) - 7*t(y). What is the units digit of q(-10)?
0
Let v = -77 - -74. Let a be 16/2 - 0 - v. Suppose -b - 4*b + 160 = -4*i, 5*i = b - a. What is the tens digit of b?
3
What is the tens digit of 678/22713 + (-1209080)/(-67)?
4
Let m(t) = 2028*t**2 + 58*t - 7. What is the hundreds digit of m(2)?
2
Let l = 456 + -156. Suppose -5*g = 4*m - 2080, -5*m + 4*g + 2300 = -l. What is the tens digit of m?
2
Suppose -4*f + h + 132884 = 0, -33204 = 142*f - 143*f - 4*h. What is the tens digit of f?
2
Suppose 0 = 4*h + 43 - 51. Let i be 1/(((-8)/(-36))/h). Let m(r) = 3*r**2 - 10*r - 27. What is the units digit of m(i)?
6
Let m(j) = -6*j + 63. Let x be m(12). Let n be (x/3 - -1)/(2/(-4)). Suppose 3*r + 2*r = -n*i + 436, 2*i - 344 = -4*r. What is the units digit of r?
4
Suppose -6*k - 10552 = -12238. What is the tens digit of k?
8
Let v = 5572 - 3972. Suppose -v + 190 = -5*u - 5*z, -5*u = -z - 1434. What is the units digit of u?
6
Let j(m) = m**2 - 144*m + 1426. What is the thousands digit of j(0)?
1
Let j = -108 - -88. Let v be (1/1)/(-1*2/j). Suppose -v*n + 895 = -5*n. What is the tens digit of n?
7
Let u = 33069 - -31305. What is the tens digit of u?
7
What is the thousands digit of (6/9)/2 - ((-367520)/48 + 9)?
7
Suppose h + 3*h - 2*f = -12, -16 = 5*h - 3*f. Let x be (-12 + 2)*1/h. Suppose 74 = t + 4*i, -x*t + 0*i = 2*i - 334. What is the units digit of t?
6
Suppose 0 = u - 4*w - 14, -5*u + 156 = 5*w - 14. Let d(q) = -32 + 22*q**2 + 3*q - 2*q + u. What is the units digit of d(1)?
1
Let f(z) = -9*z + 64. Let j be f(6). Suppose -12*g + 240 = -j*g. What is the hundreds digit of g?
1
What is the thousands digit of 96/(-528) - (-1421382)/33?
3
Let a be 1224 + 1/(-1) + (2 - -2). Let p = -629 + a. Let d = p + -417. What is the hundreds digit of d?
1
Suppose -v = -5*k + 18, -2*v = -4*k - 5*v + 22. Suppose -3*l = w - k*w + 324, -3*w = -5*l - 320. Let q = 220 - w. What is the hundreds digit of q?
1
Suppose -12*v - 2685 - 1155 = 0. What is the units digit of v/(-4) + (-5 - -4)?
9
Let k = -452 + 5312. What is the tens digit of k?
6
Suppose 0 = -0*n + 11*n + 11. Let a(i) = -2*i + 3. Let u be a(n). Suppose u*h + 0*h - 332 = -3*y, 0 = 3*y + 2*h - 320. What is the tens digit of y?
0
Let u be -2*(-1)/(3/15). Suppose -2*x + g = 0, -4*x - u*g + 10 = -7*g. What is the tens digit of (x + 22)/((-6)/(-43 + -5))?
8
Suppose -234 = 3*c + 2*r, 10*r - 4*r - 286 = 4*c. Let d = c - -558. What is the hundreds digit of d?
4
Suppose 4*j - 5*c - 25605 = 77164, 0 = -3*j + 5*c + 77078. What is the thousands digit of j?
5
Let i = 304 + -276. Suppose -25*p + i*p - 787 = -2*h, 1309 = 5*p + 2*h. What is the units digit of p?
1
Let g(i) = 406*i**2 + 118*i - 1367. What is the thousands digit of g(11)?
9
Let s(y) be the third derivative of y**6/120 - y**5/15 + y**4/2 - 7*y**3/6 + 2*y**2 + 2. What is the units digit of s(9)?
6
Let k(s) = -2*s**2 + 18*s + 66. Let i(o) = o**3 - 2*o**2 - 10*o + 19. Let n be i(4). What is the tens digit of k(n)?
2
Suppose 67 = 3*n - 17. Let u(w) = w**3 - 28*w**2 + 12*w - 32. What is the hundreds digit of u(n)?
3
Suppose -15*h + 165139 - 1459 = 0. What is the tens digit of h?
1
Let h(s) = 938*s**3 - 3*s**2 + 2*s - 2. Let k(a) = a**3 + a**2 - a + 1. Let j(f) = -h(f) - 2*k(f). What is the hundreds digit of j(-1)?
9
Let n = -8267 - -9799. What is the tens digit of n?
3
Suppose 0 = -5*m - 518 - 402. Let u = 366 + m. Let j = -87 + u. What is the units digit of j?
5
Let o be 2/(-12)*-3*-166. Let j = o - -58. Let s = j - -37. What is the tens digit of s?
1
Let p(n) = n**3 - 25*n**2 - 25*n + 55. Let c be p(26). Let o = 3 + c. What is the tens digit of o?
8
Let s = 30156 - 10333. What is the units digit of s?
3
Let a(y) = y**3 - 14*y**2 + 2*y + 21. Let w be a(14). Suppose w = -4*d - 3*l + 6*l, -4*d - 46 = -2*l. What is the units digit of 6/30 - (8/d - 1)?
2
Suppose 2*t - 2 = 2*i, -5*i - 3 - 1 = -4*t. Suppose -9*r - 4 + 13 = i. Suppose -k = r - 8. What is the units digit of k?
7
Suppose -39*k - 258 = -5562. Let f be (3*-1)/(1/24). Let o = k + f. What is the tens digit of o?
6
Let q(p) = -p**3 - 3*p**2 + 9*p + 6. Let z be q(-6). Let d(b) = -b**2 + 18*b + 102. Let r be d(11). Suppose r = 7*y + z. What is the tens digit of y?
1
Let c be (3/(-2)*-4)/(2/3). Suppose -c*y - 120 = -10*y. Let j = y + -43. What is the units digit of j?
7
Let g be 156/4 - (-2 - 0). Suppose n - 5*z = g, 0 = -2*n + 7*n - 3*z - 139. Let i = -11 + n. What is the tens digit of i?
1
Suppose 9 + 8 = -17*k. Let t be k*(-7)/7*(1 - -50). Suppose 54*x - 24 = t*x. What is the units digit of x?
8
Suppose -3*a = -3*v - 4392, 2*a + 2*v - 1457 - 1459 = 0. What is the thousands digit of a?
1
Let y(p) = -p**3 + 22*p**2 + 28*p + 10. Let g be y(23). Let c(v) = -v**2 + 4*v. Let a be c(4). Suppose 2*h - h - g = a. What is the hundreds digit of h?
1
What is the thousands digit of (98188/6)/(708/1062)?
4
Let n(w) = -w**3 + w + 414 + 17*w**2 - 39*w - 404 - w**2. What is the tens digit of n(12)?
3
Suppose -10*c + 12 = -16*c. Let j be (-384)/(c - (-22)/8). What is the tens digit of 3*2/(-9) + j/(-3)?
7
Let x(a) = 131*a**2 + 364*a - 5177. Wh